{"id":361,"date":"2013-03-04T08:49:20","date_gmt":"2013-03-04T06:49:20","guid":{"rendered":"http:\/\/archenoah-finnentrop.de\/?page_id=361"},"modified":"2013-04-23T12:17:33","modified_gmt":"2013-04-23T10:17:33","slug":"interkulturelle-offnung","status":"publish","type":"page","link":"https:\/\/www.archenoah-finnentrop.de\/?page_id=361","title":{"rendered":"Interkulturelle \u00d6ffnung"},"content":{"rendered":"<h1>Interkulturelle Oeffnung<\/h1>\n<p>Das Familienzentrum und Kindergarten Arche Noah versteht interkulturelle \u00d6ffnung als einen Prozess der Ann\u00e4herung, indem sich Menschen, die sonst keine oder kaum Ber\u00fchrungspunkte miteinander haben begegnen, sich in ihrer Verschiedenheit kennen und respektieren, vielleicht sogar verstehen lernen.<\/p>\n<p><strong>Ihr Kind ist unsere Mitte. Ihm gilt unsere ganze Aufmerksamkeit. Wir achten es in seiner Ganzheitlichkeit unabh\u00e4ngig von Herkunft, Kultur und Religion.<\/strong><\/p>\n<p>Wir bieten einen Ort der Begegnung, wo sich Familien verschiedenster Nationalit\u00e4ten und Religionen angenommen f\u00fchlen.<br \/>\nSchon im Eingangsbereich werden unsere Eltern in ihrer Heimatsprache begr\u00fc\u00dft.<\/p>\n<p><a href=\"https:\/\/www.archenoah-finnentrop.de\/wp-content\/uploads\/5.jpg\"><img loading=\"lazy\" decoding=\"async\" class=\"alignnone size-full wp-image-362\" alt=\"5\" src=\"https:\/\/www.archenoah-finnentrop.de\/wp-content\/uploads\/5.jpg\" width=\"669\" height=\"453\" srcset=\"https:\/\/www.archenoah-finnentrop.de\/wp-content\/uploads\/5.jpg 669w, https:\/\/www.archenoah-finnentrop.de\/wp-content\/uploads\/5-300x203.jpg 300w\" sizes=\"auto, (max-width: 669px) 100vw, 669px\" \/><\/a><\/p>\n","protected":false},"excerpt":{"rendered":"<p>Interkulturelle Oeffnung Das Familienzentrum und Kindergarten Arche Noah versteht interkulturelle \u00d6ffnung als einen Prozess der Ann\u00e4herung, indem sich Menschen, die sonst keine oder kaum Ber\u00fchrungspunkte miteinander haben begegnen, sich in ihrer Verschiedenheit kennen und respektieren, vielleicht sogar verstehen lernen. Ihr [&hellip;]<\/p>\n","protected":false},"author":1,"featured_media":0,"parent":0,"menu_order":0,"comment_status":"open","ping_status":"open","template":"template-home.php","meta":{"footnotes":""},"class_list":["post-361","page","type-page","status-publish","hentry","","index.php?rest_route=%2Fwp%2Fv2%2Fpages%2F361"],"_links":{"self":[{"href":"https:\/\/www.archenoah-finnentrop.de\/index.php?rest_route=\/wp\/v2\/pages\/361","targetHints":{"allow":["GET"]}}],"collection":[{"href":"https:\/\/www.archenoah-finnentrop.de\/index.php?rest_route=\/wp\/v2\/pages"}],"about":[{"href":"https:\/\/www.archenoah-finnentrop.de\/index.php?rest_route=\/wp\/v2\/types\/page"}],"author":[{"embeddable":true,"href":"https:\/\/www.archenoah-finnentrop.de\/index.php?rest_route=\/wp\/v2\/users\/1"}],"replies":[{"embeddable":true,"href":"https:\/\/www.archenoah-finnentrop.de\/index.php?rest_route=%2Fwp%2Fv2%2Fcomments&post=361"}],"version-history":[{"count":3,"href":"https:\/\/www.archenoah-finnentrop.de\/index.php?rest_route=\/wp\/v2\/pages\/361\/revisions"}],"predecessor-version":[{"id":366,"href":"https:\/\/www.archenoah-finnentrop.de\/index.php?rest_route=\/wp\/v2\/pages\/361\/revisions\/366"}],"wp:attachment":[{"href":"https:\/\/www.archenoah-finnentrop.de\/index.php?rest_route=%2Fwp%2Fv2%2Fmedia&parent=361"}],"curies":[{"name":"wp","href":"https:\/\/api.w.org\/{rel}","templated":true}]}}