{"id":264,"date":"2013-02-28T16:24:43","date_gmt":"2013-02-28T14:24:43","guid":{"rendered":"http:\/\/beta.archenoah-finnentrop.de\/?page_id=264"},"modified":"2024-04-08T13:29:50","modified_gmt":"2024-04-08T11:29:50","slug":"offnungszeiten","status":"publish","type":"page","link":"https:\/\/www.archenoah-finnentrop.de\/?page_id=264","title":{"rendered":"Oeffnungs- und Schliessungszeiten"},"content":{"rendered":"<h1>Oeffnungs- und Schliessungszeiten<\/h1>\n<p>Das Familienzentrum und der Kindergarten sind montags bis freitags von 07:15 Uhr bis 16:15 Uhr ge\u00f6ffnet.<\/p>\n<p>Seit dem 01.08.2008 ist das neue Kinderbildungsgesetz (Kibiz) in Kraft getreten.\u00a0Das bedeutet flexible Buchungszeiten f\u00fcr die Eltern.<\/p>\n<p>Sie k\u00f6nnen buchen zwischen:<\/p>\n<table>\n<tbody>\n<tr>\n<td valign=\"top\" width=\"180\">25 Stunden: Montag \u2013 Freitag<\/td>\n<td>von 07:30 Uhr \u2013 12:30 Uhr<\/td>\n<\/tr>\n<tr>\n<td valign=\"top\" width=\"180\">35 Stunden: Montag \u2013 Freitag<\/td>\n<td>von 07:30 Uhr \u2013 12:30 Uhr<br \/>\nvon 14:00 Uhr \u2013 16:00 Uhr<\/td>\n<\/tr>\n<tr>\n<td valign=\"top\" width=\"180\">45 Stunden: Montag \u2013 Freitag<\/td>\n<td>von 07:15 Uhr \u2013 16:15 Uhr<\/td>\n<\/tr>\n<\/tbody>\n<\/table>\n<p>Die Buchungszeit von 45 Stunden beinhaltet ein kostenpflichtiges warmes Mittagsessen.<\/p>\n<p>Der Versicherungsschutz f\u00fcr die Kinder gilt nur w\u00e4hrend der \u00d6ffnungszeiten.\u00a0Beginn eines jeden Kindergartenjahres ist der 01.August. Jeder Kindergarten hat im Kalenderjahr 28 feste Schlie\u00dfungstage, die dem Kreisjugendamt Olpe mitgeteilt werden. Diese Schlie\u00dfungstage werden mit den Eltern im Herbst bei der Jahreshauptversammlung der Einrichtung besprochen und f\u00fcr das kommende Kalenderjahr festgelegt.\u00a0Unsere dreiw\u00f6chigen Sommerferien fallen immer in die Schulferien.<\/p>\n","protected":false},"excerpt":{"rendered":"<p>Oeffnungs- und Schliessungszeiten Das Familienzentrum und der Kindergarten sind montags bis freitags von 07:15 Uhr bis 16:15 Uhr ge\u00f6ffnet. Seit dem 01.08.2008 ist das neue Kinderbildungsgesetz (Kibiz) in Kraft getreten.\u00a0Das bedeutet flexible Buchungszeiten f\u00fcr die Eltern. Sie k\u00f6nnen buchen zwischen: [&hellip;]<\/p>\n","protected":false},"author":1,"featured_media":0,"parent":57,"menu_order":0,"comment_status":"open","ping_status":"open","template":"template-home.php","meta":{"footnotes":""},"class_list":["post-264","page","type-page","status-publish","hentry","","index.php?rest_route=%2Fwp%2Fv2%2Fpages%2F264"],"_links":{"self":[{"href":"https:\/\/www.archenoah-finnentrop.de\/index.php?rest_route=\/wp\/v2\/pages\/264","targetHints":{"allow":["GET"]}}],"collection":[{"href":"https:\/\/www.archenoah-finnentrop.de\/index.php?rest_route=\/wp\/v2\/pages"}],"about":[{"href":"https:\/\/www.archenoah-finnentrop.de\/index.php?rest_route=\/wp\/v2\/types\/page"}],"author":[{"embeddable":true,"href":"https:\/\/www.archenoah-finnentrop.de\/index.php?rest_route=\/wp\/v2\/users\/1"}],"replies":[{"embeddable":true,"href":"https:\/\/www.archenoah-finnentrop.de\/index.php?rest_route=%2Fwp%2Fv2%2Fcomments&post=264"}],"version-history":[{"count":22,"href":"https:\/\/www.archenoah-finnentrop.de\/index.php?rest_route=\/wp\/v2\/pages\/264\/revisions"}],"predecessor-version":[{"id":852,"href":"https:\/\/www.archenoah-finnentrop.de\/index.php?rest_route=\/wp\/v2\/pages\/264\/revisions\/852"}],"up":[{"embeddable":true,"href":"https:\/\/www.archenoah-finnentrop.de\/index.php?rest_route=\/wp\/v2\/pages\/57"}],"wp:attachment":[{"href":"https:\/\/www.archenoah-finnentrop.de\/index.php?rest_route=%2Fwp%2Fv2%2Fmedia&parent=264"}],"curies":[{"name":"wp","href":"https:\/\/api.w.org\/{rel}","templated":true}]}}